{"id":269,"date":"2024-06-24T14:53:39","date_gmt":"2024-06-24T14:53:39","guid":{"rendered":"https:\/\/schuh-toggenburg.ch\/wordpress\/?page_id=269"},"modified":"2024-06-26T07:33:45","modified_gmt":"2024-06-26T07:33:45","slug":"angebot","status":"publish","type":"page","link":"https:\/\/schuh-toggenburg.ch\/wordpress\/index.php\/angebot\/","title":{"rendered":"Angebot"},"content":{"rendered":"\t\t<div data-elementor-type=\"wp-page\" data-elementor-id=\"269\" class=\"elementor elementor-269\">\n\t\t\t\t\t\t<section class=\"elementor-section elementor-top-section elementor-element elementor-element-835dd64 elementor-section-boxed elementor-section-height-default elementor-section-height-default\" data-id=\"835dd64\" data-element_type=\"section\">\n\t\t\t\t\t\t<div class=\"elementor-container elementor-column-gap-default\">\n\t\t\t\t\t<div class=\"elementor-column elementor-col-33 elementor-top-column elementor-element elementor-element-fdf49cf\" data-id=\"fdf49cf\" data-element_type=\"column\">\n\t\t\t<div class=\"elementor-widget-wrap elementor-element-populated\">\n\t\t\t\t\t\t<div class=\"elementor-element elementor-element-d4c0f7f elementor-widget elementor-widget-heading\" data-id=\"d4c0f7f\" data-element_type=\"widget\" data-widget_type=\"heading.default\">\n\t\t\t\t<div class=\"elementor-widget-container\">\n\t\t\t\t\t<h2 class=\"elementor-heading-title elementor-size-default\">Schl\u00fcsselservice<\/h2>\t\t\t\t<\/div>\n\t\t\t\t<\/div>\n\t\t\t\t<div class=\"elementor-element elementor-element-808bde7 elementor-widget elementor-widget-text-editor\" data-id=\"808bde7\" data-element_type=\"widget\" data-widget_type=\"text-editor.default\">\n\t\t\t\t<div class=\"elementor-widget-container\">\n\t\t\t\t\t\t\t\t\t<p style=\"box-sizing: inherit; font-size: 17px; font-style: normal; font-weight: 400; color: #334155; font-family: Karla, sans-serif;\"><span style=\"box-sizing: inherit; font-size: large;\"><span style=\"box-sizing: inherit; font-weight: bold;\">Gerne erstelle ich f\u00fcr Sie einen Schl\u00fcssel:<\/span><\/span><\/p><ul style=\"font-size: 18px; font-style: normal; font-weight: 400; color: #2a3132;\"><li style=\"box-sizing: inherit; font-size: 18px; list-style-type: none;\"><ul style=\"font-size: 18px;\"><li style=\"box-sizing: inherit; font-size: 18px;\">Auto<\/li><li style=\"box-sizing: inherit; font-size: 18px;\">Haust\u00fcren (Keso, dormakaba, DOM usw.)<\/li><li style=\"box-sizing: inherit; font-size: 18px;\">Briefkasten (Ronis, DOM usw.)<\/li><li style=\"box-sizing: inherit; font-size: 18px;\">Zimmer-, Keller und weitere T\u00fcren<\/li><li style=\"box-sizing: inherit; font-size: 18px;\">Bartschl\u00fcssel<\/li><li style=\"box-sizing: inherit; font-size: 18px;\">Schl\u00fcsselzubeh\u00f6r\u00a0<\/li><\/ul><\/li><\/ul><p>In Zusammenarbeit mit meinem Schlosserservice-Partner ersetzen wir Briefkasten- und Haust\u00fcr-Zylinder.<\/p>\t\t\t\t\t\t\t\t<\/div>\n\t\t\t\t<\/div>\n\t\t\t\t\t<\/div>\n\t\t<\/div>\n\t\t\t\t<div class=\"elementor-column elementor-col-33 elementor-top-column elementor-element elementor-element-ec9de4c\" data-id=\"ec9de4c\" data-element_type=\"column\">\n\t\t\t<div class=\"elementor-widget-wrap elementor-element-populated\">\n\t\t\t\t\t\t<div class=\"elementor-element elementor-element-8dfa89f elementor-widget elementor-widget-heading\" data-id=\"8dfa89f\" data-element_type=\"widget\" data-widget_type=\"heading.default\">\n\t\t\t\t<div class=\"elementor-widget-container\">\n\t\t\t\t\t<h2 class=\"elementor-heading-title elementor-size-default\">Schuhreparatur<\/h2>\t\t\t\t<\/div>\n\t\t\t\t<\/div>\n\t\t\t\t<div class=\"elementor-element elementor-element-3bb0411 elementor-widget elementor-widget-text-editor\" data-id=\"3bb0411\" data-element_type=\"widget\" data-widget_type=\"text-editor.default\">\n\t\t\t\t<div class=\"elementor-widget-container\">\n\t\t\t\t\t\t\t\t\t<p>Als erfahrener Schuhreparateur biete ich Ihnen professionelle Dienstleistungen zur Instandsetzung Ihrer Schuhe. Ob robuste Wanderschuhe, elegante Halbschuhe oder Ihre liebsten Ausgangsschuhe \u2013 ich sorge daf\u00fcr, dass sie wieder wie neu aussehen und funktionieren. Meine Expertise umfasst alles von der Sohlenerneuerung bis zur Lederpflege.<\/p>\t\t\t\t\t\t\t\t<\/div>\n\t\t\t\t<\/div>\n\t\t\t\t\t<\/div>\n\t\t<\/div>\n\t\t\t\t<div class=\"elementor-column elementor-col-33 elementor-top-column elementor-element elementor-element-d359440\" data-id=\"d359440\" data-element_type=\"column\">\n\t\t\t<div class=\"elementor-widget-wrap elementor-element-populated\">\n\t\t\t\t\t\t<div class=\"elementor-element elementor-element-a059b4e elementor-widget elementor-widget-heading\" data-id=\"a059b4e\" data-element_type=\"widget\" data-widget_type=\"heading.default\">\n\t\t\t\t<div class=\"elementor-widget-container\">\n\t\t\t\t\t<h2 class=\"elementor-heading-title elementor-size-default\">Gravuren<\/h2>\t\t\t\t<\/div>\n\t\t\t\t<\/div>\n\t\t\t\t<div class=\"elementor-element elementor-element-119e871 elementor-widget elementor-widget-text-editor\" data-id=\"119e871\" data-element_type=\"widget\" data-widget_type=\"text-editor.default\">\n\t\t\t\t<div class=\"elementor-widget-container\">\n\t\t\t\t\t\t\t\t\t<p>Ob Briefkastenbeschriftungen, Sonneriebeschriftungen oder sonstige Anliegen \u2013 ich fertige jede Gravur nach Ihren individuellen Vorstellungen.<\/p>\t\t\t\t\t\t\t\t<\/div>\n\t\t\t\t<\/div>\n\t\t\t\t\t<\/div>\n\t\t<\/div>\n\t\t\t\t\t<\/div>\n\t\t<\/section>\n\t\t\t\t<\/div>\n\t\t","protected":false},"excerpt":{"rendered":"<p>Schl\u00fcsselservice Gerne erstelle ich f\u00fcr Sie einen Schl\u00fcssel: Auto Haust\u00fcren (Keso, dormakaba, DOM usw.) Briefkasten (Ronis, DOM usw.) Zimmer-, Keller [&hellip;]<\/p>\n","protected":false},"author":2,"featured_media":0,"parent":0,"menu_order":0,"comment_status":"closed","ping_status":"closed","template":"","meta":{"_monsterinsights_skip_tracking":false,"_monsterinsights_sitenote_active":false,"_monsterinsights_sitenote_note":"","_monsterinsights_sitenote_category":0,"site-sidebar-layout":"no-sidebar","site-content-layout":"","ast-site-content-layout":"full-width-container","site-content-style":"default","site-sidebar-style":"default","ast-global-header-display":"","ast-banner-title-visibility":"","ast-main-header-display":"","ast-hfb-above-header-display":"","ast-hfb-below-header-display":"","ast-hfb-mobile-header-display":"","site-post-title":"disabled","ast-breadcrumbs-content":"","ast-featured-img":"disabled","footer-sml-layout":"","theme-transparent-header-meta":"default","adv-header-id-meta":"","stick-header-meta":"","header-above-stick-meta":"","header-main-stick-meta":"","header-below-stick-meta":"","astra-migrate-meta-layouts":"set","ast-page-background-enabled":"default","ast-page-background-meta":{"desktop":{"background-color":"var(--ast-global-color-4)","background-image":"","background-repeat":"repeat","background-position":"center center","background-size":"auto","background-attachment":"scroll","background-type":"","background-media":"","overlay-type":"","overlay-color":"","overlay-opacity":"","overlay-gradient":""},"tablet":{"background-color":"","background-image":"","background-repeat":"repeat","background-position":"center center","background-size":"auto","background-attachment":"scroll","background-type":"","background-media":"","overlay-type":"","overlay-color":"","overlay-opacity":"","overlay-gradient":""},"mobile":{"background-color":"","background-image":"","background-repeat":"repeat","background-position":"center center","background-size":"auto","background-attachment":"scroll","background-type":"","background-media":"","overlay-type":"","overlay-color":"","overlay-opacity":"","overlay-gradient":""}},"ast-content-background-meta":{"desktop":{"background-color":"var(--ast-global-color-5)","background-image":"","background-repeat":"repeat","background-position":"center center","background-size":"auto","background-attachment":"scroll","background-type":"","background-media":"","overlay-type":"","overlay-color":"","overlay-opacity":"","overlay-gradient":""},"tablet":{"background-color":"var(--ast-global-color-5)","background-image":"","background-repeat":"repeat","background-position":"center center","background-size":"auto","background-attachment":"scroll","background-type":"","background-media":"","overlay-type":"","overlay-color":"","overlay-opacity":"","overlay-gradient":""},"mobile":{"background-color":"var(--ast-global-color-5)","background-image":"","background-repeat":"repeat","background-position":"center center","background-size":"auto","background-attachment":"scroll","background-type":"","background-media":"","overlay-type":"","overlay-color":"","overlay-opacity":"","overlay-gradient":""}},"footnotes":""},"class_list":["post-269","page","type-page","status-publish","hentry"],"jetpack_sharing_enabled":true,"_links":{"self":[{"href":"https:\/\/schuh-toggenburg.ch\/wordpress\/index.php\/wp-json\/wp\/v2\/pages\/269","targetHints":{"allow":["GET"]}}],"collection":[{"href":"https:\/\/schuh-toggenburg.ch\/wordpress\/index.php\/wp-json\/wp\/v2\/pages"}],"about":[{"href":"https:\/\/schuh-toggenburg.ch\/wordpress\/index.php\/wp-json\/wp\/v2\/types\/page"}],"author":[{"embeddable":true,"href":"https:\/\/schuh-toggenburg.ch\/wordpress\/index.php\/wp-json\/wp\/v2\/users\/2"}],"replies":[{"embeddable":true,"href":"https:\/\/schuh-toggenburg.ch\/wordpress\/index.php\/wp-json\/wp\/v2\/comments?post=269"}],"version-history":[{"count":22,"href":"https:\/\/schuh-toggenburg.ch\/wordpress\/index.php\/wp-json\/wp\/v2\/pages\/269\/revisions"}],"predecessor-version":[{"id":482,"href":"https:\/\/schuh-toggenburg.ch\/wordpress\/index.php\/wp-json\/wp\/v2\/pages\/269\/revisions\/482"}],"wp:attachment":[{"href":"https:\/\/schuh-toggenburg.ch\/wordpress\/index.php\/wp-json\/wp\/v2\/media?parent=269"}],"curies":[{"name":"wp","href":"https:\/\/api.w.org\/{rel}","templated":true}]}}